he hundreds digit of 1311291588?
5
What is the tens digit of 401501463?
6
What is the millions digit of 46255604?
6
What is the thousands digit of 45332693?
2
What is the millions digit of 1316584425?
6
What is the hundreds digit of 603055?
0
What is the ten millions digit of 70817436?
7
What is the ten thousands digit of 15712000?
1
What is the hundred millions digit of 589641457?
5
What is the tens digit of 13042133?
3
What is the hundred millions digit of 1747344292?
7
What is the hundreds digit of 5169324?
3
What is the tens digit of 53411436?
3
What is the millions digit of 198727267?
8
What is the hundreds digit of 165187?
1
What is the hundred millions digit of 4027646623?
0
What is the ten millions digit of 570786890?
7
What is the millions digit of 30358132?
0
What is the ten millions digit of 7271238292?
7
What is the hundred millions digit of 536743286?
5
What is the ten millions digit of 291654965?
9
What is the ten millions digit of 357576360?
5
What is the billions digit of 3102229494?
3
What is the thousands digit of 21551400?
1
What is the hundred millions digit of 2641084888?
6
What is the millions digit of 740553053?
0
What is the ten millions digit of 5320135124?
2
What is the thousands digit of 539094103?
4
What is the millions digit of 21496750?
1
What is the hundreds digit of 515099904?
9
What is the hundred thousands digit of 752210336?
2
What is the thousands digit of 152610233?
0
What is the hundred thousands digit of 921290436?
2
What is the ten millions digit of 2565819807?
6
What is the hundred millions digit of 1440313842?
4
What is the ten thousands digit of 1856559959?
5
What is the ten millions digit of 719701133?
1
What is the units digit of 999756006?
6
What is the tens digit of 416683003?
0
What is the hundreds digit of 1122952?
9
What is the ten thousands digit of 3593985296?
8
What is the hundreds digit of 55384057?
0
What is the millions digit of 1095523722?
5
What is the thousands digit of 49254458?
4
What is the tens digit of 233211607?
0
What is the units digit of 250577475?
5
What is the ten millions digit of 5445861209?
4
What is the hundred thousands digit of 7945220816?
2
What is the billions digit of 9830924544?
9
What is the hundred millions digit of 1953142133?
9
What is the hundreds digit of 834867831?
8
What is the ten thousands digit of 61546834?
4
What is the thousands digit of 24211192?
1
What is the ten thousands digit of 270241581?
4
What is the hundred thousands digit of 34292457?
2
What is the ten thousands digit of 146935983?
3
What is the tens digit of 224340867?
6
What is the thousands digit of 2887930632?
0
What is the hundred thousands digit of 26586494?
5
What is the hundreds digit of 528490441?
4
What is the tens digit of 3269872109?
0
What is the billions digit of 3347953006?
3
What is the billions digit of 1950323218?
1
What is the ten thousands digit of 469525754?
2
What is the ten thousands digit of 6681061544?
6
What is the ten thousands digit of 7706390?
0
What is the ten thousands digit of 1841895130?
9
What is the ten millions digit of 183663520?
8
What is the hundreds digit of 2975485407?
4
What is the hundreds digit of 2299504956?
9
What is the tens digit of 3213337168?
6
What is the ten thousands digit of 313415112?
1
What is the tens digit of 378401178?
7
What is the hundred millions digit of 1185808403?
1
What is the thousands digit of 34676839?
6
What is the units digit of 113580799?
9
What is the units digit of 42456815?
5
What is the units digit of 36627474?
4
What is the thousands digit of 1132642561?
2
What is the hundreds digit of 133719322?
3
What is the hundred millions digit of 4508724055?
5
What is the ten millions digit of 675738336?
7
What is the units digit of 160104703?
3
What is the hundred thousands digit of 53483840?
4
What is the units digit of 63445357?
7
What is the hundreds digit of 52869546?
5
What is the thousands digit of 22217239?
7
What is the hundred millions digit of 1332749316?
3
What is the hundreds digit of 804662370?
3
What is the tens digit of 27914453?
5
What is the tens digit of 31338346?
4
What is the billions digit of 1019867191?
1
What is the hundred millions digit of 4784229776?
7
What is the thousands digit of 40384380?
4
What is the millions digit of 330484292?
0
What is the hundreds digit of 115477424?
4
What is the hundreds digit of 1748658863?
8
What is the hundreds digit of 60967600?
6
What is the hundreds digit of 368618101?
1
What is the hundred millions digit of 483893249?
4
What is the tens digit of 94425181?
8
What is the thousands digit of 6773754542?
4
What is the hundreds digit of 77456289?
2
What is the ten millions digit of 551117486?
5
What is the thousands digit of 487509881?
9
What is the hundred millions digit of 972263764?
9
What is the ten thousands digit of 42781?
4
What is the hundred thousands digit of 5885189394?
1
What is the billions digit of 1671349947?
1
What is the hundreds digit of 87811644?
6
What is the units digit of 1404078335?
5
What is the thousands digit of 204496430?
6
What is the millions digit of 197927379?
7
What is the thousands digit of 67749703?
9
What is the thousands digit of 265750406?
0
What is the millions digit of 2543922885?
3
What is the millions digit of 417511135?
7
What is the hundred thousands digit of 272723591?
7
What is the hundreds digit of 1081705629?
6
What is the millions digit of 538620228?
8
What is the tens digit of 61201915?
1
What is the millions digit of 75547541?
5
What is the hundreds digit of 330617472?
4
What is the units digit of 63887590?
0
What is the hundreds digit of 16569358?
3
What is the hundred thousands digit of 233232838?
2
What is the hundreds digit of 1330351406?
4
What is the hundred millions digit of 1572383823?
5
What is the units digit of 81096583?
3
What is the tens digit of 2094190650?
5
What is the thousands digit of 14978495?
8
What is the tens digit of 6949912037?
3
What is the units digit of 5011549782?
2
What is the tens digit of 13253549?
4
What is the tens digit of 970087588?
8
What is the ten thousands digit of 229516790?
1
What is the hundred thousands digit of 2212355983?
3
What is the hundred millions digit of 3533484715?
5
What is the ten thousands digit of 4717045574?
4
What is the hundreds digit of 96409893?
8
What is the units digit of 255022941?
1
What is the hundred thousands digit of 5745170628?
1
What is the units digit of 869736468?
8
What is the tens digit of 128466551?
5
What is the hundreds digit of 235619513?
5
What is the millions digit of 724609267?
4
What is the ten millions digit of 1001498192?
0
What is the hundred thousands digit of 127509197?
5
What is the ten thousands digit of 69501107?
0
What is the ten millions digit of 1474258012?
7
What is the millions digit of 243799484?
3
What is the hundred millions digit of 203695622?
2
What is the ten thousands digit of 46386622?
8
What is the thousands digit of 110031419?
1
What is the tens digit of 83081488?
8
What is the ten thousands digit of 1339535725?
3
What is the ten thousands digit of 194719487?
1
What is the ten millions digit of 161706027?
6
What is the hundred millions digit of 102354448?
1
What is the hundreds digit of 48456120?
1
What is the millions digit of 44431140?
4
What is the hundred millions digit of 930076162?
9
What is the hundreds digit of 485778026?
0
What is the units digit of 1937397843?
3
What is the hundred thousands digit of 45602349?
6
What is the millions digit of 142482206?
2
What is the millions digit of 46312718?
6
What is the units digit of 71178114?
4
What is the ten millions digit of 229362709?
2
What is the ten millions digit of 235958043?
3
What is the ten thousands digit of 33941863?
4
What is the millions digit of 1323619436?
3
What is the hundred thousands digit of 346160641?
1
What is the hundreds digit of 4945991392?
3
What is the ten thousands digit of 37485502?
8
What is the hundred thousands digit of 5034598172?
5
What is the units digit of 1809551772?
2
What is the hundreds digit of 8435171?
1
What is the tens digit of 90133490?
9
What is the hundreds digit of 65098108?
1
What is the units digit of 40204404?
4
What is the millions digit of 131152022?
1
What is the ten millions digit of 608599536?
0
What is t